er when 97757 is divided by 532.
401
Calculate the remainder when 12202108 is divided by 258.
256
What is the remainder when 66734 is divided by 23?
11
Calculate the remainder when 146754121 is divided by 3668853.
1
What is the remainder when 7448549 is divided by 7448511?
38
Calculate the remainder when 13955 is divided by 859.
211
What is the remainder when 490379 is divided by 1487?
1156
Calculate the remainder when 1647675 is divided by 67.
11
What is the remainder when 1407116 is divided by 1380?
896
Calculate the remainder when 1006650 is divided by 9150.
150
What is the remainder when 3083725 is divided by 4?
1
What is the remainder when 7734210 is divided by 33194?
8
Calculate the remainder when 486776 is divided by 379.
140
Calculate the remainder when 7203124 is divided by 1243.
1182
What is the remainder when 51683398 is divided by 11583?
52
What is the remainder when 504646 is divided by 115?
26
What is the remainder when 250853 is divided by 3377?
955
What is the remainder when 706562 is divided by 117748?
74
What is the remainder when 2392468 is divided by 458?
334
What is the remainder when 105267068 is divided by 239?
235
What is the remainder when 756262 is divided by 1306?
88
What is the remainder when 1130174 is divided by 72?
62
Calculate the remainder when 14917 is divided by 4515.
1372
What is the remainder when 11240 is divided by 8605?
2635
What is the remainder when 888690 is divided by 36?
30
Calculate the remainder when 868254 is divided by 424.
326
What is the remainder when 141719 is divided by 4562?
297
Calculate the remainder when 444449 is divided by 88800.
449
Calculate the remainder when 47458 is divided by 1808.
450
Calculate the remainder when 146740 is divided by 2574.
22
Calculate the remainder when 2579325055 is divided by 5144.
5143
Calculate the remainder when 18804773 is divided by 671.
669
Calculate the remainder when 485272 is divided by 45.
37
Calculate the remainder when 10238913 is divided by 219.
6
What is the remainder when 1013806 is divided by 229?
23
Calculate the remainder when 173844457 is divided by 254.
253
Calculate the remainder when 531203 is divided by 176789.
836
What is the remainder when 29600698 is divided by 5886?
4
What is the remainder when 9200509 is divided by 22?
21
Calculate the remainder when 17473425 is divided by 93.
27
Calculate the remainder when 23026367 is divided by 254.
251
Calculate the remainder when 13101915 is divided by 8.
3
Calculate the remainder when 4087223 is divided by 626.
69
Calculate the remainder when 550280 is divided by 137565.
20
Calculate the remainder when 21392795 is divided by 52.
47
What is the remainder when 5492571 is divided by 915426?
15
What is the remainder when 74600680 is divided by 6948?
4
Calculate the remainder when 59541 is divided by 19.
14
Calculate the remainder when 250750 is divided by 13.
6
What is the remainder when 15416449 is divided by 234?
61
What is the remainder when 27961428 is divided by 378?
12
What is the remainder when 219101956 is divided by 44?
40
What is the remainder when 86001 is divided by 3280?
721
Calculate the remainder when 1166236 is divided by 9638.
38
Calculate the remainder when 1959379 is divided by 48.
19
Calculate the remainder when 303382 is divided by 12627.
334
Calculate the remainder when 66471127 is divided by 364.
359
Calculate the remainder when 34662044 is divided by 1268.
1264
Calculate the remainder when 241594 is divided by 1644.
1570
Calculate the remainder when 12464185 is divided by 2492786.
255
What is the remainder when 805796 is divided by 7823?
27
Calculate the remainder when 325710 is divided by 64876.
1330
What is the remainder when 6577716 is divided by 21?
12
What is the remainder when 315650870 is divided by 3311?
3307
What is the remainder when 4808626 is divided by 181?
180
Calculate the remainder when 2641597 is divided by 880435.
292
Calculate the remainder when 3497003 is divided by 1748485.
33
What is the remainder when 221375 is divided by 4607?
239
What is the remainder when 19151116 is divided by 558?
556
Calculate the remainder when 725935752 is divided by 5919.
5916
Calculate the remainder when 110685 is divided by 1643.
604
Calculate the remainder when 1159292 is divided by 3826.
14
What is the remainder when 90568179 is divided by 1460?
1459
What is the remainder when 560454 is divided by 3663?
15
Calculate the remainder when 6123068 is divided by 16.
12
What is the remainder when 1034234 is divided by 341?
322
Calculate the remainder when 11533795 is divided by 600.
595
What is the remainder when 89499 is divided by 3729?
3
What is the remainder when 18351 is divided by 35?
11
Calculate the remainder when 1758020 is divided by 175776.
260
What is the remainder when 22531 is divided by 974?
129
What is the remainder when 998478 is divided by 31169?
1070
Calculate the remainder when 1526423 is divided by 93.
14
Calculate the remainder when 14160234 is divided by 1385.
1379
Calculate the remainder when 845522 is divided by 382.
156
Calculate the remainder when 1323976 is divided by 70.
66
What is the remainder when 154137 is divided by 51355?
72
What is the remainder when 113926 is divided by 1560?
46
Calculate the remainder when 265853 is divided by 2711.
175
Calculate the remainder when 5041650 is divided by 21.
12
What is the remainder when 2708828 is divided by 241?
229
What is the remainder when 43079 is divided by 42922?
157
Calculate the remainder when 30045 is divided by 6725.
3145
What is the remainder when 2081003 is divided by 6403?
28
Calculate the remainder when 13908 is divided by 13647.
261
Calculate the remainder when 6236466 is divided by 127.
4
Calculate the remainder when 106921 is divided by 233.
207
What is the remainder when 92971 is divided by 89373?
3598
Calculate the remainder when 18756743 is divided by 303.
134
What is the remainder when 3057776 is divided by 13?
7
What is the remainder when 33581942 is divided by 839547?
62
Calculate the remainder when 329136 is divided by 7654.
14
Calculate the remainder when 679854 is divided by 180.
174
Calculate the remainder when 2456009 is divided by 153499.
25
What is the remainder when 151060 is divided by 823?
451
Calculate the remainder when 19672987 is divided by 5.
2
What is the remainder when 3039134 is divided by 11303?
9930
Calculate the remainder when 19180 is divided by 2087.
397
Calculate the remainder when 270587034 is divided by 160.
154
Calculate the remainder when 37102 is divided by 37031.
71
What is the remainder when 13857419 is divided by 219959?
2
Calculate the remainder when 3805203 is divided by 658.
647
Calculate the remainder when 2733316 is divided by 212.
0
Calculate the remainder when 52521 is divided by 145.
31
Calculate the remainder when 9500528 is divided by 14201.
59
What is the remainder when 62431821 is divided by 13?
10
Calculate the remainder when 47652540 is divided by 47652532.
8
What is the remainder when 5820612 is divided by 2785?
2747
What is the remainder when 5088 is divided by 1012?
28
What is the remainder when 102572981 is divided by 42?
35
Calculate the remainder when 1672899 is divided by 6716.
615
Calculate the remainder when 929215 is divided by 185836.
35
Calculate the remainder when 11669 is divided by 3090.
2399
Calculate the remainder when 394625307 is divided by 1807.
1805
Calculate the remainder when 914962 is divided by 1483.
1434
What is the remainder when 8463805 is divided by 86?
29
What is the remainder when 346831 is divided by 34645?
381
Calculate the remainder when 404917 is divided by 36680.
1437
What is the remainder when 18600884 is divided by 1870?
1864
Calculate the remainder when 1361492 is divided by 177.
8
What is the remainder when 3625492 is divided by 566?
262
What is the remainder when 14677352 is divided by 449?
440
Calculate the remainder when 57957477 is divided by 3924.
3921
Calculate the remainder when 35356260 is divided by 914.
912
What is the remainder when 580365 is divided by 2818?
2675
What is the remainder when 2884424 is divided by 3261?
1700
Calculate the remainder when 3397348 is divided by 424666.
20
Calculate the remainder when 1509862 is divided by 178.
66
Calculate the remainder when 29303920 is 